+ 10 = 0, 2*o - 7 = 3*p. Suppose 3*m - 6 = 12. Let j(c) = 10*c - 5*c**2 + 4 - 5*c + m*c**2. Calculate j(p).
-2
Let c(p) be the first derivative of 1/4*p**4 + 4*p + 1 - 2*p**3 + 3*p**2. Calculate c(5).
9
Let u(d) be the first derivative of -d**6/360 - d**5/120 + d**4/24 + d**3/3 - 1. Let x(y) be the third derivative of u(y). Let h = 69 - 71. Calculate x(h).
-1
Let i(a) = a + 1. Let j be i(4). Let v(f) = -2 - 4*f + f + j - 4. Determine v(1).
-4
Let l(b) be the second derivative of b**4/12 - b**3/3 + b**2 - 5*b. What is l(3)?
5
Let r(z) = 11 - 5 + z + 3 + z**2 + 4. What is r(0)?
13
Let q be 0 + (-12)/(2 + -4). Let x = 4 - q. Let o(i) = i**2 + 3*i + 3. Determine o(x).
1
Let h = -29 + 30. Let c(q) = 15*q + 1. Give c(h).
16
Let z = -25 + 46. Suppose 5*q = -20, -5*c + q = -28 - z. Suppose 0 = -4*v - 3*o - 19, -4*v + c*v + 18 = 2*o. Let m(g) = g**2 + 8*g + 5. Calculate m(v).
-11
Let u = 1 - 2. Let g = u - -3. Let q(n) = -1 + 5 + 0*n + n**g + 7*n. Determine q(-5).
-6
Let y(b) be the second derivative of 1/8*b**4 + 1/2*b**3 - 3*b + 1/30*b**5 + 0 - 1/360*b**6 + 0*b**2. Let s(a) be the second derivative of y(a). Calculate s(4).
3
Suppose 4*q - 4 = -2*a, q = 3*a - 0*q - 6. Let k(j) = -4*j**2 + 3*j + 0*j**a + 2 + j**2 - j**3. Give k(-3).
-7
Let j(o) be the first derivative of 2 + 0*o - 1/3*o**3 - 5/2*o**2. Determine j(-5).
0
Let k(r) = 11*r**3 - 5*r**2 + 5*r - 3. Let u(s) = -5*s**3 + 3*s**2 - 3*s + 2. Let a(g) = -4*k(g) - 9*u(g). Determine a(6).
0
Suppose -4*k = 4*i - 12, -k = -3*i + 3*k + 2. Let t(g) = -1 - 3*g**i - 4*g**3 + 3*g**2. Determine t(-1).
3
Let d(v) = 3*v - 1. Suppose -c = -1 - 2. Let b be 2/c - 10/15. Suppose 8 = 4*k - b*k. Calculate d(k).
5
Let l be ((-12)/(-8))/((-3)/(-8)). Suppose 0 = 3*w + l*n - 16, 0*n = 4*w + 3*n - 19. Let i = w - 8. Let o(s) = s**2 + 4*s + 4. Give o(i).
4
Suppose -3*d - x - 4 = 0, -d + 6 = 2*x - 1. Let o(v) = -2*v - 2. Give o(d).
4
Let p(s) = -s**3 + 5*s**2 + 7*s - 7. Let f be p(6). Let q(r) = -160*r - 166*r + 15*r**2 + 325*r - 1. Give q(f).
15
Let z(v) be the third derivative of -v**5/60 + v**4/4 + v**3/2 - 8*v**2. Suppose -4*m + 26 = g, 2*g + 2*m + 2*m - 32 = 0. Calculate z(g).
3
Suppose -14 = -3*w + l, 3*l - 4*l - 6 = -w. Let z(x) be the second derivative of -x + 0*x**3 + 0 - 1/4*x**w - 1/20*x**5 - x**2. Give z(-2).
-6
Let a(l) = -l**2 + 6. Let x = 138 + -138. Determine a(x).
6
Let y(h) = h + 2. Let k = -16 - -9. Give y(k).
-5
Let h(s) = -s - 3. Let z be h(0). Let a(u) = -u**2 - 4*u. Calculate a(z).
3
Let j = -1 + 3. Let p be j/8*2*6. Let l(v) = -v**3 - 2*v**2 - 4*v**p - 2 - 4*v + 4*v**3. Calculate l(-2).
6
Let r(a) = 1. Let l(b) = -b + 7. Let u(d) = 2*l(d) - 14*r(d). Let f be u(-1). Let z(o) = 3*o + 2. Calculate z(f).
8
Let v(g) be the first derivative of -g**2 - 4*g + 13. What is v(3)?
-10
Suppose -9 = -3*r - 4*a, -5*r - a + 1 = a. Let x(w) = 5*w**3 + w**2 + w + 1. Determine x(r).
-4
Let z(w) = 17*w**2 + w + 1. Let v(d) = 4*d - 33. Let r be v(8). Determine z(r).
17
Suppose 0 = -3*u + 2*u + 2. Let s(p) = -7*p**2 + p + 7. Let l(m) = -m**2 + 1. Let z(d) = 6*l(d) - s(d). Give z(u).
1
Let h(d) be the third derivative of -d**5/60 + 3*d**4/8 - 3*d**3/2 - 3*d**2. Let o be h(7). Let y(a) = a**2 - 4*a - 7. Determine y(o).
-2
Suppose -c + 3 + 3 = 0. Let v(i) = 3 + i + 3*i - c. Give v(2).
5
Let h be 10 + -2*5/20*2. Let x(n) = n**2 - 9*n + 2. Give x(h).
2
Let s = 43 - 45. Let b(o) = -o - 1. Calculate b(s).
1
Let l(y) = y**2 - 5*y + 1. Let k(d) = 10*d - 1. Let w be k(-1). Let u be (-2)/w + 294/77. What is l(u)?
-3
Let v(l) = 3*l - 2. Let r(j) = -8*j + 5. Let c(d) = 4*r(d) + 11*v(d). Determine c(5).
3
Let a(c) = -4*c - 2. Let s(t) = -t**2 + 23*t - 19. Let x be s(22). What is a(x)?
-14
Let t(s) = 0 + 21*s - 1 + 0. Let d(h) = -2*h**3 - 4*h**2 + h + 3. Let g be d(-2). Determine t(g).
20
Suppose 0 = -4*z - 6 + 22. Let v(g) = 2*g - 1. Let s(c) = 3*c - 1. Let l(a) = 3*s(a) - 5*v(a). What is l(z)?
-2
Let o(f) = 4*f**2 + 6*f + 5. Let u(p) = 9*p**2 + 11*p + 10. Let s(b) = -5*o(b) + 2*u(b). Determine s(-5).
-15
Let v(r) = r + 1. Let d(o) = -o**3 + 13*o**2 + 12*o + 34. Let p be d(14). Determine v(p).
7
Let g(q) = 5*q**2 + q + 4. Let b(x) = -9*x**2 - 3*x - 8. Let y(w) = 8*w**2 - w. Let u be y(1). Let z(r) = u*g(r) + 4*b(r). Suppose 8 = 4*t + 28. Give z(t).
-4
Let u(z) = 11*z**2 - 3*z + 8. Let s(f) = 10*f**2 - 4*f + 7. Let q(r) = -4*s(r) + 3*u(r). Let b(k) = 4*k**2 - 4*k + 2. Let n(y) = 5*b(y) + 3*q(y). What is n(2)?
-4
Let s(h) = -3 + 1 - 5 + 8 - h. Calculate s(-4).
5
Suppose -13 = -p + 4*a, p - 3*a - 4 = 6*p. Let j(b) = 4 + b - 3*b + 0*b - 2*b**3 - 3. Give j(p).
-3
Let r(z) = z**3 + 6*z**2 - 8*z - 8. Let f be r(-7). Let p(t) = -9*t**3 + 6*t + 6. Let j(a) = 9*a**3 - 5*a - 5. Let d(n) = -7*j(n) - 6*p(n). Determine d(f).
9
Suppose -4*m = u - 2*u - 5, 2*m = 4. Let p(h) be the third derivative of -2*h**2 - 3/2*h**u + 0*h + 0 + 0*h**4 + 1/60*h**5. Give p(0).
-9
Let c be 3 + (1 - -1) + -1. Suppose -c*i + 10 = i. Let l(a) = 6*a + 5 - a**i - 2 - a. Calculate l(5).
3
Let l = 5 + -3. Let b(i) be the third derivative of i**5/20 - i**4/24 - i**3/3 - 14*i**2. Calculate b(l).
8
Suppose -d - 6 = -11. Let s(c) = c - 6. Give s(d).
-1
Let u(o) = -6*o**3 - o - 1. Suppose 0 = -5*p + 2*p + 12. Let y = p + -5. Give u(y).
6
Let u(q) = 2*q + q + 1 + q**3 - 2*q - q**2. Let t be u(0). Let d(w) = -4*w**2 - 3*w - 1. Let j(o) = 4*o**2 + 2*o + 1. Let i(b) = -4*d(b) - 5*j(b). What is i(t)?
-3
Let b(h) = h**3 + 6*h**2 + 3*h + 5. Let u be (4 - 9)/(-5) + -7. Determine b(u).
-13
Let r(y) be the third derivative of -y**4/24 - 3*y**3/2 + 15*y**2. Calculate r(0).
-9
Let n(k) = -5*k**2 - 24*k - 10. Let a(y) = 3*y**2 + 16*y + 7. Let j(r) = -8*a(r) - 5*n(r). What is j(8)?
-6
Let p(r) = 50 - 2*r - 50. Determine p(-7).
14
Let w(j) = j**2 + 4*j + 3. Suppose f - 12 = 3*f. Let y(t) = -t - 9. Let p be y(f). Determine w(p).
0
Let l(q) be the first derivative of -q**4/4 - 4*q**3/3 + q**2/2 + 2*q - 13. Determine l(-2).
-8
Let b(n) be the third derivative of -n**5/60 - n**3/6 - 9*n**2. Give b(-1).
-2
Let c(j) be the second derivative of 7*j**5/20 + j**4/12 - j**3/6 + j**2/2 + 6*j. Calculate c(1).
8
Let y(w) = -w - 1. Suppose 3*l = -2*l + 20. Let t be y(l). Let b(m) = -m + 1. Give b(t).
6
Let o(m) = -m**2 + 4*m - 4. Suppose 0 = 5*r - 25, 2*r - 30 - 12 = -4*n. Let c be (n/(-5))/((-2)/5). What is o(c)?
-4
Let o = 45 + -46. Let k(a) = 2*a**3 + a**2 + 2*a + 1. Give k(o).
-2
Let t(m) = -5. Let r = 0 - -1. Let s(x) = -5 + 0 + r + x. Let g(j) = -5*s(j) + 4*t(j). Give g(-2).
10
Let i(r) = -2*r**2 - 10*r + 8. Let j(f) = f**2 + 9*f - 7. Let g(x) = 2*i(x) + 3*j(x). Calculate g(4).
7
Let a(f) = f**2 + 4*f - 6. Let x be a(-5). Let m(n) be the first derivative of -n**3 + 1. Determine m(x).
-3
Let a(s) = -5*s + 8 + 3*s + 0*s. Let z = 12 - 12. Suppose 2*r - 12 = -z*r. Determine a(r).
-4
Let o(r) be the first derivative of -3/2*r**2 + 5/3*r**3 + 2 - 1/4*r**4 + 5*r. What is o(4)?
9
Let m(j) = 12*j - 18*j + 14 - 13. Let k = -1 + 0. Let y be k/(-1 - 1*-2). Calculate m(y).
7
Let z(b) be the first derivative of -2*b**3/3 + b**2 + b + 6. What is z(3)?
-11
Suppose 0*w = 2*w + t - 7, 5*w - 5*t = 40. Let a(x) = -x**2 + 7*x - 4. Calculate a(w).
6
Let t(b) = -2*b**3 + b**2 + 2. Let a(i) = -i**3 + 8*i**2 - 7*i + 4. Let q be a(7). Suppose 3*p - 5 + 2 = 3*d, 6 = q*p - 2*d. Determine t(p).
-10
Suppose 3*o - r - 5 = 3, 10 = 2*o + 4*r. Let j(h) = 2*h - 1. Let i be j(o). Suppose z = i*z + 8. Let c(b) = -2*b + 2. What is c(z)?
6
Let g(h) = h**3 + 2*h**2 - 2*h + 1. Suppose -m + 3 = 2. Determine g(m).
2
Let q(l) = l**3 - 1. Let j(t) = 2*t**3 + 5*t**2 + 4*t - 1. Let o(a) = j(a) - q(a). Give o(-4).
0
Let b be (3/(-6))/(4/16). Let o(r) = -3*r**3 - 2*r**2 + 2*r. Give o(b).
12
Let p(a) = -a**2 - 6*a + 1. Suppose -4*k - 1 = -13. Suppose 0 = k*m - 15 + 54. Let z = m - -8. Give p(z).
6
Let u(s) be the second derivative of -s**4/12 + s**3/6 + 12*s. Let l = -1 + 1. Calculate u(l).
0
Let z(w) be the third derivative of 1/60*w**5 + 0*w - 2*w**2 + 0 - 1/6*w**4 + 1/2*w**3. What is z(4)?
3
Let z(g) = g**3 + 2*g**2 - g + 4. Let u be z(-2). Let j(s) = s - 12. What is j(u)?
-6
Let i(q) = q**2 + 1. Let r(c) = -6*c**2 - 5. Let z(k) = -11*i(k) - 2*r(k). Determine z(3).
8
Let m(k) = k + 4*k**2 - 5 + k**3 + 4*k**2 - 16*k**2. Determine m(8).
3
Let m